r of 6 and 294?
6
What is the greatest common divisor of 50 and 2650?
50
Calculate the greatest common divisor of 21 and 18795.
21
Calculate the greatest common factor of 441 and 98.
49
What is the greatest common divisor of 224 and 119?
7
What is the highest common divisor of 3689 and 31?
31
Calculate the highest common factor of 7 and 14.
7
What is the greatest common divisor of 598 and 104?
26
What is the highest common factor of 168 and 616?
56
Calculate the greatest common divisor of 3519 and 621.
207
Calculate the greatest common divisor of 27027 and 91.
91
Calculate the greatest common divisor of 2144 and 201.
67
Calculate the highest common factor of 320 and 3920.
80
Calculate the highest common divisor of 3025 and 10.
5
Calculate the highest common divisor of 21 and 147.
21
Calculate the greatest common factor of 1455 and 679.
97
What is the greatest common factor of 124 and 5?
1
What is the greatest common divisor of 1634 and 38?
38
What is the highest common factor of 13 and 130?
13
What is the highest common divisor of 561 and 4539?
51
Calculate the highest common divisor of 44 and 396.
44
What is the highest common divisor of 234 and 1482?
78
What is the highest common divisor of 49 and 196?
49
What is the highest common factor of 21 and 27?
3
Calculate the greatest common divisor of 44 and 8.
4
What is the highest common factor of 255 and 30?
15
Calculate the greatest common divisor of 50 and 125.
25
What is the greatest common factor of 4212 and 60?
12
What is the highest common divisor of 756 and 3486?
42
What is the highest common factor of 300 and 24?
12
What is the highest common factor of 14 and 238?
14
What is the greatest common factor of 544 and 64?
32
What is the greatest common factor of 49 and 588?
49
What is the greatest common factor of 16 and 10288?
16
What is the greatest common divisor of 344 and 430?
86
What is the highest common divisor of 432 and 27?
27
What is the highest common divisor of 24418 and 58?
58
Calculate the greatest common divisor of 6 and 20478.
6
Calculate the highest common divisor of 45 and 95.
5
What is the highest common divisor of 288 and 384?
96
What is the greatest common factor of 130 and 470?
10
Calculate the greatest common divisor of 370 and 1258.
74
What is the greatest common divisor of 204 and 51?
51
What is the greatest common divisor of 4977 and 42?
21
What is the greatest common factor of 30 and 3810?
30
Calculate the greatest common factor of 10 and 2215.
5
What is the highest common factor of 57 and 1437?
3
Calculate the highest common divisor of 95 and 76.
19
What is the greatest common divisor of 4551 and 1107?
123
Calculate the highest common factor of 2736 and 198.
18
Calculate the greatest common divisor of 15922 and 38.
38
Calculate the greatest common divisor of 7 and 98.
7
Calculate the greatest common divisor of 18 and 207.
9
What is the highest common divisor of 21 and 9?
3
Calculate the greatest common factor of 192 and 12.
12
What is the highest common divisor of 96 and 360?
24
What is the highest common divisor of 2786 and 42?
14
Calculate the highest common factor of 1110 and 30.
30
What is the highest common divisor of 120 and 768?
24
What is the highest common divisor of 131 and 4?
1
Calculate the highest common divisor of 372 and 12.
12
Calculate the greatest common divisor of 403 and 62.
31
Calculate the greatest common divisor of 20 and 8860.
20
What is the highest common divisor of 64 and 176?
16
What is the greatest common divisor of 10962 and 1134?
378
Calculate the greatest common factor of 20 and 790.
10
What is the highest common factor of 4692 and 60?
12
Calculate the greatest common factor of 48 and 30.
6
What is the greatest common factor of 2755 and 285?
95
What is the highest common divisor of 32 and 40?
8
What is the greatest common divisor of 21152 and 32?
32
Calculate the greatest common factor of 9 and 729.
9
Calculate the highest common divisor of 221 and 153.
17
Calculate the highest common divisor of 1696 and 53.
53
Calculate the greatest common factor of 374 and 85.
17
Calculate the greatest common divisor of 10 and 4.
2
What is the greatest common divisor of 2197 and 78?
13
What is the greatest common factor of 15804 and 439?
439
What is the greatest common factor of 392 and 16?
8
What is the greatest common factor of 6 and 150?
6
What is the highest common factor of 39 and 637?
13
Calculate the highest common divisor of 95 and 5.
5
What is the greatest common divisor of 224 and 4816?
112
What is the greatest common factor of 160 and 20?
20
What is the greatest common factor of 112 and 105?
7
Calculate the greatest common factor of 35 and 35.
35
What is the greatest common divisor of 276 and 1288?
92
Calculate the highest common divisor of 1953 and 273.
21
Calculate the greatest common divisor of 1856 and 3392.
64
Calculate the highest common divisor of 392 and 1470.
98
What is the highest common divisor of 58 and 1856?
58
Calculate the highest common divisor of 11 and 4092.
11
What is the greatest common factor of 2 and 37?
1
What is the highest common divisor of 408 and 48?
24
Calculate the greatest common factor of 1040 and 585.
65
What is the greatest common divisor of 33507 and 18?
9
Calculate the highest common factor of 12 and 1476.
12
Calculate the greatest common divisor of 5364 and 84.
12
Calculate the greatest common factor of 88 and 24.
8
What is the highest common divisor of 5 and 3455?
5
What is the greatest common divisor of 656 and 2378?
82
What is the highest common factor of 110 and 370?
10
Calculate the greatest common factor of 2414 and 187.
17
What is the highest common divisor of 26 and 26?
26
Calculate the greatest common divisor of 30 and 690.
30
Calculate the greatest common divisor of 16 and 116.
4
What is the highest common divisor of 31 and 12493?
31
What is the highest common divisor of 36475 and 25?
25
What is the greatest common divisor of 185 and 37?
37
What is the greatest common factor of 3 and 17490?
3
What is the highest common factor of 44 and 4675?
11
What is the highest common divisor of 399 and 228?
57
Calculate the greatest common divisor of 995 and 50.
5
Calculate the highest common factor of 1281 and 21.
21
Calculate the greatest common divisor of 15 and 2955.
15
Calculate the highest common divisor of 129 and 29025.
129
What is the highest common divisor of 1216 and 32?
32
Calculate the highest common factor of 12 and 972.
12
Calculate the greatest common divisor of 833 and 17.
17
What is the greatest common divisor of 19221 and 298?
149
Calculate the highest common divisor of 1295 and 1147.
37
Calculate the greatest common divisor of 5586 and 57.
57
What is the greatest common divisor of 3266 and 142?
142
What is the highest common factor of 44 and 55?
11
Calculate the highest common factor of 196 and 245.
49
What is the highest common factor of 29 and 3741?
29
What is the greatest common divisor of 16 and 14?
2
Calculate the greatest common factor of 7 and 112.
7
Calculate the greatest common factor of 799 and 235.
47
Calculate the greatest common factor of 44 and 737.
11
What is the greatest common factor of 85 and 34?
17
Calculate the greatest common divisor of 3445 and 455.
65
What is the highest common factor of 760 and 2?
2
Calculate the greatest common factor of 1 and 9.
1
Calculate the highest common divisor of 234 and 24.
6
Calculate the greatest common factor of 85 and 14569.
17
What is the greatest common factor of 22500 and 18?
18
What is the greatest common factor of 32 and 800?
32
Calculate the greatest common divisor of 450 and 300.
150
Calculate the greatest common divisor of 490 and 500.
10
Calculate the highest common divisor of 10 and 13150.
10
Calculate the greatest common divisor of 33 and 4323.
33
Calculate the highest common factor of 103 and 45.
1
What is the highest common divisor of 5662 and 38?
38
Calculate the greatest common factor of 7192 and 58.
58
What is the greatest common divisor of 95 and 65930?
95
Calculate the highest common factor of 1320 and 1800.
120
Calculate the greatest common factor of 1140 and 2780.
20
What is the highest common factor of 7259 and 357?
119
What is the highest common factor of 6645 and 15?
15
Calculate the greatest common facto